-5116. What is the remainder when w is divided by 39?
35
Let q(g) = g**2 + 8*g - 108. Let s(i) = -266*i - 15. Calculate the remainder when s(-2) is divided by q(-16).
17
Suppose 5*v - 5*o - 5905 = 0, -8*o + 3541 = 3*v - 12*o. What is the remainder when v is divided by 37?
36
Let b be 99/14*-2 + (-3)/(-21). Let z(w) = w + 32. Let m = 1 - -6. What is the remainder when z(b) is divided by m?
4
What is the remainder when 16164 is divided by 246/14 - ((-1)/5 - (-216)/280)?
14
Let f(r) = r**3 + 14*r**2 + 96*r + 748. Let s = -31 - -69. Calculate the remainder when f(-10) is divided by s.
36
Let c(g) be the second derivative of 5*g**3/6 + 59*g**2/2 + 56*g. What is the remainder when 5 is divided by c(-11)?
1
Suppose 38 = -a + 3*a. Calculate the remainder when (-3 - -1)/(16/((-5632)/22)) is divided by a.
13
Suppose 0 = -6*l - 877 - 293. Let z = -156 - l. What is the remainder when z is divided by 10?
9
Let u(c) = 4*c - 7. Let w be 28/6*(13 + -7). Suppose 11 = -f + w. Calculate the remainder when u(10) is divided by f.
16
Suppose -v - 2*r - 13 = 80, -r - 372 = 4*v. Let i = 105 + v. Suppose u - 13 - 10 = 0. What is the remainder when u is divided by i?
11
Suppose -13*j + 10*j + 132 = 0. Suppose 0 = -2*h - 2 + j. Calculate the remainder when 39 is divided by h.
18
Suppose -5*j = 20, -3*x + 616 = -j - 168. Suppose 10*m = -3*m + x. Calculate the remainder when m is divided by 13.
7
Calculate the remainder when 78 + 1 + (-63)/7 is divided by 56.
14
Suppose 2*y = 4*y + 5*z, y - 13 = 4*z. Let r(m) = m + 3. Let p = -29 + 32. Calculate the remainder when r(p) is divided by y.
1
Calculate the remainder when (0 - (-161)/138) + (-2722)/(-12) is divided by 103.
22
Calculate the remainder when 837 is divided by (2 - 96/33) + 1 - (-2066)/22.
85
Let s be 348 - (-1)/2*(-24 - -14). Let h = 390 - s. Calculate the remainder when h is divided by 8.
7
Let a = -33 + -53. Let x = -57 - a. Let r(q) = 16*q - 15. Calculate the remainder when r(8) is divided by x.
26
Let x = 61 - 39. Suppose -324*p - 2310 = -434*p. What is the remainder when x is divided by p?
1
Suppose 3*o + 0*o = -12, -2*j = 4*o - 30. Suppose -312 = 7*g - 15*g. Suppose 6*z - g = 3*z. Calculate the remainder when j is divided by z.
10
Calculate the remainder when (-7158)/(-7*(18/21 + 0)) is divided by 178.
125
Suppose 4*u + 9 = -2*n - 47, 3*n + 89 = -u. What is the remainder when ((-3)/2)/((-3)/28) is divided by -2*(n/16 - (-30)/(-240))?
2
Let l(o) = o**2 + 7*o - 25. Suppose 11*t + t = -132. Let d be l(t). What is the remainder when 117 is divided by (6 - (5 - d))/((-1)/(-3))?
57
What is the remainder when 13 - (-364)/(-14) - -1316 is divided by 101?
91
Let a = -186 + 474. Let g = a - 250. Calculate the remainder when 568 is divided by g.
36
Let i = -140 + 140. Let u = 32 - i. What is the remainder when u is divided by 7?
4
Calculate the remainder when (-213)/2*-2 + 1 is divided by (151/(2265/(-1350))*(-2)/16)/(15/36).
25
Let k(u) = 7*u**2 - 7*u + 8. Let g(q) = q + 1. Let w(i) = 4*g(i) + k(i). What is the remainder when w(2) is divided by 20?
14
Suppose 58*v = 79*v - 7455. What is the remainder when v is divided by 78?
43
Suppose -58*n + 155 = -53*n + 4*b, n = 2*b + 17. What is the remainder when 510 is divided by n?
24
Let f(d) = -4*d - 20. Let h be (10/(-3))/(16/(-168)). Let v = h - 21. Calculate the remainder when f(-15) is divided by v.
12
Let r = 5342 + -5285. What is the remainder when 1253 is divided by r?
56
Let v = 0 - -4. Suppose -10 + 2 = -v*t. Calculate the remainder when (-2 - -17) + (-93)/((-930)/(-40)) is divided by t.
1
Let t(f) be the third derivative of 0 - 4*f**2 + 0*f + 8/3*f**3 + 1/3*f**4 - 1/120*f**6 + 7/60*f**5. Calculate the remainder when 30 is divided by t(8).
14
Suppose 3*s = -2*s - k + 35, 0 = -4*k + 20. What is the remainder when 201 is divided by s?
3
Let a(s) = -70*s + 30. Let l be a(-7). Suppose -43*h = -l - 469. Calculate the remainder when 102 is divided by h.
10
Let g = -5133 - -10773. What is the remainder when g is divided by 22?
8
Suppose 18 = -11*z + 13*z. Suppose z*x - 12*x = -48. Suppose -37*l = -28*l - 54. Calculate the remainder when x is divided by l.
4
Let v = 128 + -118. Suppose 3*a + d = 120, 3*a - 5*d - 148 = -28. Calculate the remainder when a is divided by v.
0
Suppose -6*a + 1165 = -11*a. Suppose -95*w + 89*w = -108. What is the remainder when (3/(-4))/(2 - a/(-116)) is divided by w?
15
Let u(j) = 39*j + 417. What is the remainder when 307 is divided by u(-8)?
97
Let k(f) = -440*f + 263. Calculate the remainder when k(0) is divided by 87.
2
Suppose -216*s = -163*s - 332628. Calculate the remainder when s is divided by 19.
6
Let x be (-844)/(3/3)*15/(-20). Let f = x + -603. Calculate the remainder when 328 is divided by f.
28
Calculate the remainder when 2431 is divided by ((-408)/(-72) - 5)/(2/120).
31
Suppose 6*f + 4*p - 10 = f, -5*p - 31 = -f. Let u = 74 - 72. Suppose -u*d + 48 = 14. What is the remainder when d is divided by f?
5
Suppose 0 = -11*a + 2613 - 2569. Calculate the remainder when 86 is divided by a.
2
Suppose -3*h + 5*z + 1301 = 0, 503*z = 2*h + 501*z - 862. What is the remainder when h is divided by 105?
7
Suppose -2*l - 5*h - 183 = -547, h = 5*l - 964. Let o = -151 + l. Calculate the remainder when o is divided by 22.
19
Suppose 2*z + 154 = 2*y - 3*z, 20 = -5*z. Suppose 12967 = -5*b + 13252. What is the remainder when y is divided by b?
10
Let t = 3621 + 4776. Calculate the remainder when t is divided by 240.
237
Let y(j) = -3*j**3 - 4*j**2 + 20*j + 88. Let m(a) = 2*a**2 + 5*a - 1. What is the remainder when y(-5) is divided by m(-5)?
23
Suppose 3*i - 1218 = 3*r, 8*i = 7*i + 5*r + 414. What is the remainder when (-3 - 65/(-20))*i is divided by 35?
31
Let p = 11291 + -11266. What is the remainder when 31 is divided by p?
6
Let g = 5877 + -5815. Calculate the remainder when 689 is divided by g.
7
Suppose 0 = 32*y - 4185 - 10631. Suppose y = 3*m + 19. What is the remainder when m is divided by 19?
15
Let b be 1/(-1 + 200/198). Suppose -u = 29 - b. What is the remainder when u is divided by 30/4*((-216)/(-30))/3?
16
Let x = 87 + -51. Suppose x - 102 = -3*n. What is the remainder when n is divided by 3/3*-1 + 13?
10
Calculate the remainder when (-8)/36 - ((-2203600)/72)/7 is divided by 81.
79
Let c(h) be the first derivative of -7*h**2/2 + 184*h - 22. Calculate the remainder when c(25) is divided by 8.
1
Let c(t) = t**3 + 2*t**2 - 18*t - 170. What is the remainder when c(8) is divided by 43?
25
Let j be (-5)/(((-8)/664)/1). Suppose 424*s - j*s - 3015 = 0. Calculate the remainder when s is divided by 16.
15
Let b = -15667 + 15917. What is the remainder when 261 is divided by b?
11
Suppose -79*w + 5950 = 96*w. Let k(u) = 10*u**2 - 3*u + 4. What is the remainder when k(-3) is divided by w?
1
Suppose 0 = -4*y - 5*k + 45, -y = -0*k - 4*k + 15. Suppose -2*r - 3*w + 166 = 71, y*w = -r + 65. Calculate the remainder when 93 is divided by r.
13
Let w = -29400 + 31208. What is the remainder when w is divided by 260?
248
Calculate the remainder when (-122)/549 + 2463/27 is divided by 33.
25
Suppose -4*d - 2*p = 6, -5*d - 3*p = -2*p + 6. Calculate the remainder when 18 is divided by d - -11 - (1 + 2 - 0).
4
Suppose 0 = 5*o + 4*b - 46, -3*o + 6 = 5*b - 8*b. Let m be 0/(-1) - (-90 - 4). Suppose -16 = -5*w + m. What is the remainder when w is divided by o?
4
Let h be -1 + 1868/(-6) - 428/(-321). Let k = 327 + h. Calculate the remainder when k is divided by 5.
1
Let d(o) = 7 + 10 - o - 7 + 0*o. Let j be d(8). Suppose -j*t = 1 - 39. What is the remainder when 73 is divided by t?
16
Suppose 80 = 7*w - 2*w. Calculate the remainder when (-1)/(-7) - (1924/91 + -52) is divided by w.
15
Let y = 522 - 514. Calculate the remainder when 558 is divided by 47 - (-42)/(-7) - y.
30
Let f = -549 + 637. Suppose 4*p = -o + f, -p + 80 = 3*p - o. Calculate the remainder when 67 is divided by p.
4
Let b = -11 - 3. Let a(k) = 127*k + 20. Let z be a(0). Let n = z - b. What is the remainder when 99 is divided by n?
31
Suppose 9*p = 5*p + 16. Suppose -389 = -p*l + 119. Let x = 70 + -38. What is the remainder when l is divided by x?
31
Let v(d) = 18*d - 4. Suppose 17*s - 145 = -12*s. Suppose -5*n + 4*q + s = -167, -62 = -2*n + 5*q. Calculate the remainder when v(4) is divided by n.
32
Let